{"id":9810,"date":"2026-04-27T11:51:28","date_gmt":"2026-04-27T09:51:28","guid":{"rendered":"https:\/\/www.silvercoastpropertyservices.com\/?post_type=hb_accommodation&#038;p=9810"},"modified":"2026-04-27T11:51:28","modified_gmt":"2026-04-27T09:51:28","slug":"t3-marie-lacombe","status":"publish","type":"hb_accommodation","link":"https:\/\/www.silvercoastpropertyservices.com\/fr\/accommodation\/t3-marie-lacombe\/","title":{"rendered":"T3 Marie Lacombe"},"content":{"rendered":"<div class=\"fusion-fullwidth fullwidth-box fusion-builder-row-1 fusion-flex-container has-pattern-background has-mask-background nonhundred-percent-fullwidth non-hundred-percent-height-scrolling\" style=\"--awb-border-radius-top-left:0px;--awb-border-radius-top-right:0px;--awb-border-radius-bottom-right:0px;--awb-border-radius-bottom-left:0px;--awb-flex-wrap:wrap;\" ><div class=\"fusion-builder-row fusion-row fusion-flex-align-items-flex-start fusion-flex-content-wrap\" style=\"max-width:1420.64px;margin-left: calc(-4% \/ 2 );margin-right: calc(-4% \/ 2 );\"><div class=\"fusion-layout-column fusion_builder_column fusion-builder-column-0 fusion_builder_column_1_1 1_1 fusion-flex-column\" style=\"--awb-bg-size:cover;--awb-width-large:100%;--awb-margin-top-large:0px;--awb-spacing-right-large:1.92%;--awb-margin-bottom-large:20px;--awb-spacing-left-large:1.92%;--awb-width-medium:100%;--awb-order-medium:0;--awb-spacing-right-medium:1.92%;--awb-spacing-left-medium:1.92%;--awb-width-small:100%;--awb-order-small:0;--awb-spacing-right-small:1.92%;--awb-spacing-left-small:1.92%;\"><div class=\"fusion-column-wrapper fusion-column-has-shadow fusion-flex-justify-content-flex-start fusion-content-layout-column\"><div class=\"fusion-text fusion-text-1\"><p>Maison neuve situ\u00e9e \u00e0 seulement 900 m\u00e8tres de la plage de Salir do Porto, au bord de la magnifique baie de S\u00e3o Martinho do Porto.<\/p>\n<p>La maison dispose de 3 chambres et 2 salles de bains, d&#8217;une cuisine enti\u00e8rement \u00e9quip\u00e9e et d&#8217;un salon confortable.<\/p>\n<p>L&#8217;atout de cette maison est son jardin enti\u00e8rement cl\u00f4tur\u00e9 o\u00f9 les enfants peuvent jouer en toute s\u00e9curit\u00e9 pendant que vous vous reposez sur les chaises longues ou organisez un barbecue.<\/p>\n<p>Id\u00e9alement situ\u00e9e \u00e0 seulement 1 heure de route de Lisbonne, dans une rue calme \u00e0 c\u00f4t\u00e9 d&#8217;une for\u00eat.<\/p>\n<\/div><\/div><\/div><\/div><\/div>\n","protected":false},"featured_media":9809,"template":"","leefruimte-voorziening":[58,68,140,141],"keuken-voorziening":[70,72,74,76,78,80,82,84,86,88,90],"tuin-voorziening":[94,96,100,147],"class_list":["post-9810","hb_accommodation","type-hb_accommodation","status-publish","has-post-thumbnail","hentry","leefruimte-voorziening-television-fr","leefruimte-voorziening-informations-sur-la-region","leefruimte-voorziening-parasol-2","leefruimte-voorziening-chaises","keuken-voorziening-cuisine-entierement-equipee","keuken-voorziening-frigo","keuken-voorziening-congelateur","keuken-voorziening-four","keuken-voorziening-plaque-de-cuisson-vitroceramique","keuken-voorziening-lave-vaisselle","keuken-voorziening-micro-ondes","keuken-voorziening-cafetiere","keuken-voorziening-grille-pain","keuken-voorziening-linge-de-cuisine","keuken-voorziening-machine-a-laver","tuin-voorziening-mobilier-d-exterieur","tuin-voorziening-terrasse-privee","tuin-voorziening-barbecue-fr","tuin-voorziening-balcon-prive"],"yoast_head":"<!-- This site is optimized with the Yoast SEO plugin v27.4 - https:\/\/yoast.com\/product\/yoast-seo-wordpress\/ -->\n<title>Villa traditionnelle \u00e0 Salir do Porto | Salir do Porto<\/title>\n<meta name=\"robots\" content=\"index, follow, max-snippet:-1, max-image-preview:large, max-video-preview:-1\" \/>\n<link rel=\"canonical\" href=\"https:\/\/www.silvercoastpropertyservices.com\/fr\/accommodation\/t3-marie-lacombe\/\" \/>\n<meta property=\"og:locale\" content=\"fr_FR\" \/>\n<meta property=\"og:type\" content=\"article\" \/>\n<meta property=\"og:title\" content=\"Villa traditionnelle \u00e0 Salir do Porto | Salir do Porto\" \/>\n<meta property=\"og:url\" content=\"https:\/\/www.silvercoastpropertyservices.com\/fr\/accommodation\/t3-marie-lacombe\/\" \/>\n<meta property=\"og:site_name\" content=\"2nd Place in Portugal\" \/>\n<meta property=\"og:image\" content=\"https:\/\/www.silvercoastpropertyservices.com\/wp-content\/uploads\/2026\/04\/1-scaled.jpg\" \/>\n\t<meta property=\"og:image:width\" content=\"1920\" \/>\n\t<meta property=\"og:image:height\" content=\"1280\" \/>\n\t<meta property=\"og:image:type\" content=\"image\/jpeg\" \/>\n<meta name=\"twitter:card\" content=\"summary_large_image\" \/>\n<meta name=\"twitter:label1\" content=\"Dur\u00e9e de lecture estim\u00e9e\" \/>\n\t<meta name=\"twitter:data1\" content=\"1 minute\" \/>\n<script type=\"application\/ld+json\" class=\"yoast-schema-graph\">{\"@context\":\"https:\\\/\\\/schema.org\",\"@graph\":[{\"@type\":\"WebPage\",\"@id\":\"https:\\\/\\\/www.silvercoastpropertyservices.com\\\/fr\\\/accommodation\\\/t3-marie-lacombe\\\/\",\"url\":\"https:\\\/\\\/www.silvercoastpropertyservices.com\\\/fr\\\/accommodation\\\/t3-marie-lacombe\\\/\",\"name\":\"Villa traditionnelle \u00e0 Salir do Porto | Salir do Porto\",\"isPartOf\":{\"@id\":\"https:\\\/\\\/www.silvercoastpropertyservices.com\\\/fr\\\/#website\"},\"primaryImageOfPage\":{\"@id\":\"https:\\\/\\\/www.silvercoastpropertyservices.com\\\/fr\\\/accommodation\\\/t3-marie-lacombe\\\/#primaryimage\"},\"image\":{\"@id\":\"https:\\\/\\\/www.silvercoastpropertyservices.com\\\/fr\\\/accommodation\\\/t3-marie-lacombe\\\/#primaryimage\"},\"thumbnailUrl\":\"https:\\\/\\\/www.silvercoastpropertyservices.com\\\/wp-content\\\/uploads\\\/2026\\\/04\\\/1-scaled.jpg\",\"datePublished\":\"2026-04-27T09:51:28+00:00\",\"breadcrumb\":{\"@id\":\"https:\\\/\\\/www.silvercoastpropertyservices.com\\\/fr\\\/accommodation\\\/t3-marie-lacombe\\\/#breadcrumb\"},\"inLanguage\":\"fr-FR\",\"potentialAction\":[{\"@type\":\"ReadAction\",\"target\":[\"https:\\\/\\\/www.silvercoastpropertyservices.com\\\/fr\\\/accommodation\\\/t3-marie-lacombe\\\/\"]}]},{\"@type\":\"ImageObject\",\"inLanguage\":\"fr-FR\",\"@id\":\"https:\\\/\\\/www.silvercoastpropertyservices.com\\\/fr\\\/accommodation\\\/t3-marie-lacombe\\\/#primaryimage\",\"url\":\"https:\\\/\\\/www.silvercoastpropertyservices.com\\\/wp-content\\\/uploads\\\/2026\\\/04\\\/1-scaled.jpg\",\"contentUrl\":\"https:\\\/\\\/www.silvercoastpropertyservices.com\\\/wp-content\\\/uploads\\\/2026\\\/04\\\/1-scaled.jpg\",\"width\":1920,\"height\":1280},{\"@type\":\"BreadcrumbList\",\"@id\":\"https:\\\/\\\/www.silvercoastpropertyservices.com\\\/fr\\\/accommodation\\\/t3-marie-lacombe\\\/#breadcrumb\",\"itemListElement\":[{\"@type\":\"ListItem\",\"position\":1,\"name\":\"Home\",\"item\":\"https:\\\/\\\/www.silvercoastpropertyservices.com\\\/fr\\\/\"},{\"@type\":\"ListItem\",\"position\":2,\"name\":\"Types d&#039;h\u00e9bergement\",\"item\":\"https:\\\/\\\/www.silvercoastpropertyservices.com\\\/fr\\\/accommodation\\\/\"},{\"@type\":\"ListItem\",\"position\":3,\"name\":\"T3 Marie Lacombe\"}]},{\"@type\":\"WebSite\",\"@id\":\"https:\\\/\\\/www.silvercoastpropertyservices.com\\\/fr\\\/#website\",\"url\":\"https:\\\/\\\/www.silvercoastpropertyservices.com\\\/fr\\\/\",\"name\":\"2nd Place in Portugal\",\"description\":\"En nog een WordPress website\",\"publisher\":{\"@id\":\"https:\\\/\\\/www.silvercoastpropertyservices.com\\\/fr\\\/#organization\"},\"potentialAction\":[{\"@type\":\"SearchAction\",\"target\":{\"@type\":\"EntryPoint\",\"urlTemplate\":\"https:\\\/\\\/www.silvercoastpropertyservices.com\\\/fr\\\/?s={search_term_string}\"},\"query-input\":{\"@type\":\"PropertyValueSpecification\",\"valueRequired\":true,\"valueName\":\"search_term_string\"}}],\"inLanguage\":\"fr-FR\"},{\"@type\":\"Organization\",\"@id\":\"https:\\\/\\\/www.silvercoastpropertyservices.com\\\/fr\\\/#organization\",\"name\":\"2nd Place in Portugal\",\"url\":\"https:\\\/\\\/www.silvercoastpropertyservices.com\\\/fr\\\/\",\"logo\":{\"@type\":\"ImageObject\",\"inLanguage\":\"fr-FR\",\"@id\":\"https:\\\/\\\/www.silvercoastpropertyservices.com\\\/fr\\\/#\\\/schema\\\/logo\\\/image\\\/\",\"url\":\"https:\\\/\\\/www.silvercoastpropertyservices.com\\\/wp-content\\\/uploads\\\/2019\\\/02\\\/logo-circle.png\",\"contentUrl\":\"https:\\\/\\\/www.silvercoastpropertyservices.com\\\/wp-content\\\/uploads\\\/2019\\\/02\\\/logo-circle.png\",\"width\":200,\"height\":200,\"caption\":\"2nd Place in Portugal\"},\"image\":{\"@id\":\"https:\\\/\\\/www.silvercoastpropertyservices.com\\\/fr\\\/#\\\/schema\\\/logo\\\/image\\\/\"}}]}<\/script>\n<!-- \/ Yoast SEO plugin. -->","yoast_head_json":{"title":"Villa traditionnelle \u00e0 Salir do Porto | Salir do Porto","robots":{"index":"index","follow":"follow","max-snippet":"max-snippet:-1","max-image-preview":"max-image-preview:large","max-video-preview":"max-video-preview:-1"},"canonical":"https:\/\/www.silvercoastpropertyservices.com\/fr\/accommodation\/t3-marie-lacombe\/","og_locale":"fr_FR","og_type":"article","og_title":"Villa traditionnelle \u00e0 Salir do Porto | Salir do Porto","og_url":"https:\/\/www.silvercoastpropertyservices.com\/fr\/accommodation\/t3-marie-lacombe\/","og_site_name":"2nd Place in Portugal","og_image":[{"width":1920,"height":1280,"url":"https:\/\/www.silvercoastpropertyservices.com\/wp-content\/uploads\/2026\/04\/1-scaled.jpg","type":"image\/jpeg"}],"twitter_card":"summary_large_image","twitter_misc":{"Dur\u00e9e de lecture estim\u00e9e":"1 minute"},"schema":{"@context":"https:\/\/schema.org","@graph":[{"@type":"WebPage","@id":"https:\/\/www.silvercoastpropertyservices.com\/fr\/accommodation\/t3-marie-lacombe\/","url":"https:\/\/www.silvercoastpropertyservices.com\/fr\/accommodation\/t3-marie-lacombe\/","name":"Villa traditionnelle \u00e0 Salir do Porto | Salir do Porto","isPartOf":{"@id":"https:\/\/www.silvercoastpropertyservices.com\/fr\/#website"},"primaryImageOfPage":{"@id":"https:\/\/www.silvercoastpropertyservices.com\/fr\/accommodation\/t3-marie-lacombe\/#primaryimage"},"image":{"@id":"https:\/\/www.silvercoastpropertyservices.com\/fr\/accommodation\/t3-marie-lacombe\/#primaryimage"},"thumbnailUrl":"https:\/\/www.silvercoastpropertyservices.com\/wp-content\/uploads\/2026\/04\/1-scaled.jpg","datePublished":"2026-04-27T09:51:28+00:00","breadcrumb":{"@id":"https:\/\/www.silvercoastpropertyservices.com\/fr\/accommodation\/t3-marie-lacombe\/#breadcrumb"},"inLanguage":"fr-FR","potentialAction":[{"@type":"ReadAction","target":["https:\/\/www.silvercoastpropertyservices.com\/fr\/accommodation\/t3-marie-lacombe\/"]}]},{"@type":"ImageObject","inLanguage":"fr-FR","@id":"https:\/\/www.silvercoastpropertyservices.com\/fr\/accommodation\/t3-marie-lacombe\/#primaryimage","url":"https:\/\/www.silvercoastpropertyservices.com\/wp-content\/uploads\/2026\/04\/1-scaled.jpg","contentUrl":"https:\/\/www.silvercoastpropertyservices.com\/wp-content\/uploads\/2026\/04\/1-scaled.jpg","width":1920,"height":1280},{"@type":"BreadcrumbList","@id":"https:\/\/www.silvercoastpropertyservices.com\/fr\/accommodation\/t3-marie-lacombe\/#breadcrumb","itemListElement":[{"@type":"ListItem","position":1,"name":"Home","item":"https:\/\/www.silvercoastpropertyservices.com\/fr\/"},{"@type":"ListItem","position":2,"name":"Types d&#039;h\u00e9bergement","item":"https:\/\/www.silvercoastpropertyservices.com\/fr\/accommodation\/"},{"@type":"ListItem","position":3,"name":"T3 Marie Lacombe"}]},{"@type":"WebSite","@id":"https:\/\/www.silvercoastpropertyservices.com\/fr\/#website","url":"https:\/\/www.silvercoastpropertyservices.com\/fr\/","name":"2nd Place in Portugal","description":"En nog een WordPress website","publisher":{"@id":"https:\/\/www.silvercoastpropertyservices.com\/fr\/#organization"},"potentialAction":[{"@type":"SearchAction","target":{"@type":"EntryPoint","urlTemplate":"https:\/\/www.silvercoastpropertyservices.com\/fr\/?s={search_term_string}"},"query-input":{"@type":"PropertyValueSpecification","valueRequired":true,"valueName":"search_term_string"}}],"inLanguage":"fr-FR"},{"@type":"Organization","@id":"https:\/\/www.silvercoastpropertyservices.com\/fr\/#organization","name":"2nd Place in Portugal","url":"https:\/\/www.silvercoastpropertyservices.com\/fr\/","logo":{"@type":"ImageObject","inLanguage":"fr-FR","@id":"https:\/\/www.silvercoastpropertyservices.com\/fr\/#\/schema\/logo\/image\/","url":"https:\/\/www.silvercoastpropertyservices.com\/wp-content\/uploads\/2019\/02\/logo-circle.png","contentUrl":"https:\/\/www.silvercoastpropertyservices.com\/wp-content\/uploads\/2019\/02\/logo-circle.png","width":200,"height":200,"caption":"2nd Place in Portugal"},"image":{"@id":"https:\/\/www.silvercoastpropertyservices.com\/fr\/#\/schema\/logo\/image\/"}}]}},"_links":{"self":[{"href":"https:\/\/www.silvercoastpropertyservices.com\/fr\/wp-json\/wp\/v2\/hb_accommodation\/9810","targetHints":{"allow":["GET"]}}],"collection":[{"href":"https:\/\/www.silvercoastpropertyservices.com\/fr\/wp-json\/wp\/v2\/hb_accommodation"}],"about":[{"href":"https:\/\/www.silvercoastpropertyservices.com\/fr\/wp-json\/wp\/v2\/types\/hb_accommodation"}],"version-history":[{"count":1,"href":"https:\/\/www.silvercoastpropertyservices.com\/fr\/wp-json\/wp\/v2\/hb_accommodation\/9810\/revisions"}],"predecessor-version":[{"id":9834,"href":"https:\/\/www.silvercoastpropertyservices.com\/fr\/wp-json\/wp\/v2\/hb_accommodation\/9810\/revisions\/9834"}],"wp:featuredmedia":[{"embeddable":true,"href":"https:\/\/www.silvercoastpropertyservices.com\/fr\/wp-json\/wp\/v2\/media\/9809"}],"wp:attachment":[{"href":"https:\/\/www.silvercoastpropertyservices.com\/fr\/wp-json\/wp\/v2\/media?parent=9810"}],"wp:term":[{"taxonomy":"leefruimte-voorziening","embeddable":true,"href":"https:\/\/www.silvercoastpropertyservices.com\/fr\/wp-json\/wp\/v2\/leefruimte-voorziening?post=9810"},{"taxonomy":"keuken-voorziening","embeddable":true,"href":"https:\/\/www.silvercoastpropertyservices.com\/fr\/wp-json\/wp\/v2\/keuken-voorziening?post=9810"},{"taxonomy":"tuin-voorziening","embeddable":true,"href":"https:\/\/www.silvercoastpropertyservices.com\/fr\/wp-json\/wp\/v2\/tuin-voorziening?post=9810"}],"curies":[{"name":"wp","href":"https:\/\/api.w.org\/{rel}","templated":true}]}}

<div class="fusion-fullwidth fullwidth-box fusion-builder-row-1 fusion-flex-container has-pattern-background has-mask-background nonhundred-percent-fullwidth non-hundred-percent-height-scrolling" style="--awb-border-radius-top-left:0px;--awb-border-radius-top-right:0px;--awb-border-radius-bottom-right:0px;--awb-border-radius-bottom-left:0px;--awb-flex-wrap:wrap;" ><div class="fusion-builder-row fusion-row fusion-flex-align-items-flex-start fusion-flex-content-wrap" style="max-width:1420.64px;margin-left: calc(-4% / 2 );margin-right: calc(-4% / 2 );"><div class="fusion-layout-column fusion_builder_column fusion-builder-column-0 fusion_builder_column_1_1 1_1 fusion-flex-column" style="--awb-bg-size:cover;--awb-width-large:100%;--awb-margin-top-large:0px;--awb-spacing-right-large:1.92%;--awb-margin-bottom-large:20px;--awb-spacing-left-large:1.92%;--awb-width-medium:100%;--awb-order-medium:0;--awb-spacing-right-medium:1.92%;--awb-spacing-left-medium:1.92%;--awb-width-small:100%;--awb-order-small:0;--awb-spacing-right-small:1.92%;--awb-spacing-left-small:1.92%;"><div class="fusion-column-wrapper fusion-column-has-shadow fusion-flex-justify-content-flex-start fusion-content-layout-column"><div class="fusion-text fusion-text-1"><p>Maison neuve située à seulement 900 mètres de la plage de Salir do Porto, au bord de la magnifique baie de São Martinho do Porto.</p>
<p>La maison dispose de 3 chambres et 2 salles de bains, d&#8217;une cuisine entièrement équipée et d&#8217;un salon confortable.</p>
<p>L&#8217;atout de cette maison est son jardin entièrement clôturé où les enfants peuvent jouer en toute sécurité pendant que vous vous reposez sur les chaises longues ou organisez un barbecue.</p>
<p>Idéalement située à seulement 1 heure de route de Lisbonne, dans une rue calme à côté d&#8217;une forêt.</p>
</div></div></div></div></div>

<!-- This site is optimized with the Yoast SEO plugin v27.4 - https://yoast.com/product/yoast-seo-wordpress/ -->
<title>Villa traditionnelle à Salir do Porto | Salir do Porto</title>
<meta name="robots" content="index, follow, max-snippet:-1, max-image-preview:large, max-video-preview:-1" />
<link rel="canonical" href="https://www.silvercoastpropertyservices.com/fr/accommodation/t3-marie-lacombe/" />
<meta property="og:locale" content="fr_FR" />
<meta property="og:type" content="article" />
<meta property="og:title" content="Villa traditionnelle à Salir do Porto | Salir do Porto" />
<meta property="og:url" content="https://www.silvercoastpropertyservices.com/fr/accommodation/t3-marie-lacombe/" />
<meta property="og:site_name" content="2nd Place in Portugal" />
<meta property="og:image" content="https://www.silvercoastpropertyservices.com/wp-content/uploads/2026/04/1-scaled.jpg" />
	<meta property="og:image:width" content="1920" />
	<meta property="og:image:height" content="1280" />
	<meta property="og:image:type" content="image/jpeg" />
<meta name="twitter:card" content="summary_large_image" />
<meta name="twitter:label1" content="Durée de lecture estimée" />
	<meta name="twitter:data1" content="1 minute" />
<script type="application/ld+json" class="yoast-schema-graph">{"@context":"https:\/\/schema.org","@graph":[{"@type":"WebPage","@id":"https:\/\/www.silvercoastpropertyservices.com\/fr\/accommodation\/t3-marie-lacombe\/","url":"https:\/\/www.silvercoastpropertyservices.com\/fr\/accommodation\/t3-marie-lacombe\/","name":"Villa traditionnelle à Salir do Porto | Salir do Porto","isPartOf":{"@id":"https:\/\/www.silvercoastpropertyservices.com\/fr\/#website"},"primaryImageOfPage":{"@id":"https:\/\/www.silvercoastpropertyservices.com\/fr\/accommodation\/t3-marie-lacombe\/#primaryimage"},"image":{"@id":"https:\/\/www.silvercoastpropertyservices.com\/fr\/accommodation\/t3-marie-lacombe\/#primaryimage"},"thumbnailUrl":"https:\/\/www.silvercoastpropertyservices.com\/wp-content\/uploads\/2026\/04\/1-scaled.jpg","datePublished":"2026-04-27T09:51:28+00:00","breadcrumb":{"@id":"https:\/\/www.silvercoastpropertyservices.com\/fr\/accommodation\/t3-marie-lacombe\/#breadcrumb"},"inLanguage":"fr-FR","potentialAction":[{"@type":"ReadAction","target":["https:\/\/www.silvercoastpropertyservices.com\/fr\/accommodation\/t3-marie-lacombe\/"]}]},{"@type":"ImageObject","inLanguage":"fr-FR","@id":"https:\/\/www.silvercoastpropertyservices.com\/fr\/accommodation\/t3-marie-lacombe\/#primaryimage","url":"https:\/\/www.silvercoastpropertyservices.com\/wp-content\/uploads\/2026\/04\/1-scaled.jpg","contentUrl":"https:\/\/www.silvercoastpropertyservices.com\/wp-content\/uploads\/2026\/04\/1-scaled.jpg","width":1920,"height":1280},{"@type":"BreadcrumbList","@id":"https:\/\/www.silvercoastpropertyservices.com\/fr\/accommodation\/t3-marie-lacombe\/#breadcrumb","itemListElement":[{"@type":"ListItem","position":1,"name":"Home","item":"https:\/\/www.silvercoastpropertyservices.com\/fr\/"},{"@type":"ListItem","position":2,"name":"Types d&#039;hébergement","item":"https:\/\/www.silvercoastpropertyservices.com\/fr\/accommodation\/"},{"@type":"ListItem","position":3,"name":"T3 Marie Lacombe"}]},{"@type":"WebSite","@id":"https:\/\/www.silvercoastpropertyservices.com\/fr\/#website","url":"https:\/\/www.silvercoastpropertyservices.com\/fr\/","name":"2nd Place in Portugal","description":"En nog een WordPress website","publisher":{"@id":"https:\/\/www.silvercoastpropertyservices.com\/fr\/#organization"},"potentialAction":[{"@type":"SearchAction","target":{"@type":"EntryPoint","urlTemplate":"https:\/\/www.silvercoastpropertyservices.com\/fr\/?s={search_term_string}"},"query-input":{"@type":"PropertyValueSpecification","valueRequired":true,"valueName":"search_term_string"}}],"inLanguage":"fr-FR"},{"@type":"Organization","@id":"https:\/\/www.silvercoastpropertyservices.com\/fr\/#organization","name":"2nd Place in Portugal","url":"https:\/\/www.silvercoastpropertyservices.com\/fr\/","logo":{"@type":"ImageObject","inLanguage":"fr-FR","@id":"https:\/\/www.silvercoastpropertyservices.com\/fr\/#\/schema\/logo\/image\/","url":"https:\/\/www.silvercoastpropertyservices.com\/wp-content\/uploads\/2019\/02\/logo-circle.png","contentUrl":"https:\/\/www.silvercoastpropertyservices.com\/wp-content\/uploads\/2019\/02\/logo-circle.png","width":200,"height":200,"caption":"2nd Place in Portugal"},"image":{"@id":"https:\/\/www.silvercoastpropertyservices.com\/fr\/#\/schema\/logo\/image\/"}}]}</script>
<!-- / Yoast SEO plugin. -->

Villa traditionnelle à Salir do Porto | Salir do Porto

Types d&#039;hébergement
