{"id":10016,"date":"2026-04-27T16:57:39","date_gmt":"2026-04-27T14:57:39","guid":{"rendered":"https:\/\/www.silvercoastpropertyservices.com\/?post_type=hb_accommodation&#038;p=10016"},"modified":"2026-04-27T16:57:39","modified_gmt":"2026-04-27T14:57:39","slug":"t3-wim","status":"publish","type":"hb_accommodation","link":"https:\/\/www.silvercoastpropertyservices.com\/fr\/accommodation\/t3-wim\/","title":{"rendered":"T3 Wim"},"content":{"rendered":"<div class=\"fusion-fullwidth fullwidth-box fusion-builder-row-1 fusion-flex-container has-pattern-background has-mask-background nonhundred-percent-fullwidth non-hundred-percent-height-scrolling\" style=\"--awb-border-radius-top-left:0px;--awb-border-radius-top-right:0px;--awb-border-radius-bottom-right:0px;--awb-border-radius-bottom-left:0px;--awb-flex-wrap:wrap;\" ><div class=\"fusion-builder-row fusion-row fusion-flex-align-items-flex-start fusion-flex-content-wrap\" style=\"max-width:1420.64px;margin-left: calc(-4% \/ 2 );margin-right: calc(-4% \/ 2 );\"><div class=\"fusion-layout-column fusion_builder_column fusion-builder-column-0 fusion_builder_column_1_1 1_1 fusion-flex-column\" style=\"--awb-bg-size:cover;--awb-width-large:100%;--awb-margin-top-large:0px;--awb-spacing-right-large:1.92%;--awb-margin-bottom-large:20px;--awb-spacing-left-large:1.92%;--awb-width-medium:100%;--awb-order-medium:0;--awb-spacing-right-medium:1.92%;--awb-spacing-left-medium:1.92%;--awb-width-small:100%;--awb-order-small:0;--awb-spacing-right-small:1.92%;--awb-spacing-left-small:1.92%;\"><div class=\"fusion-column-wrapper fusion-column-has-shadow fusion-flex-justify-content-flex-start fusion-content-layout-column\"><div class=\"fusion-text fusion-text-1\"><p>La villa est id\u00e9ale pour 6 personnes et dispose de 3 chambres et de 2 salles de bains. Grand salon confortable avec t\u00e9l\u00e9vision et Wi-Fi, offrant une vue magnifique sur la terrasse et la piscine.<\/p>\n<p>Cuisine ouverte enti\u00e8rement \u00e9quip\u00e9e avec toutes les commodit\u00e9s modernes : lave-vaisselle, lave-linge, micro-ondes, r\u00e9frig\u00e9rateur, cuisini\u00e8re&#8230;<\/p>\n<p>La chambre au rez-de-chauss\u00e9e dispose d&#8217;une salle de bains privative. Les deux chambres situ\u00e9es au premier \u00e9tage partagent une salle de bains. Elles donnent toutes deux sur une grande terrasse (55 m\u00b2) orient\u00e9e sud, qui offre une vue magnifique sur les environs.<\/p>\n<p>Dans le jardin, vous pourrez profiter pleinement du soleil sur des chaises longues et la piscine priv\u00e9e est chauff\u00e9e !<\/p>\n<p>Lisbonne se trouve \u00e0 moins d&#8217;une heure de route.<\/p>\n<\/div><\/div><\/div><\/div><\/div>\n","protected":false},"featured_media":10015,"template":"","leefruimte-voorziening":[58,64,68,122,140,141],"keuken-voorziening":[70,72,74,76,78,80,82,84,86,88,90],"tuin-voorziening":[94,96,97,99],"class_list":["post-10016","hb_accommodation","type-hb_accommodation","status-publish","has-post-thumbnail","hentry","leefruimte-voorziening-television-fr","leefruimte-voorziening-air-conditionne","leefruimte-voorziening-informations-sur-la-region","leefruimte-voorziening-chauffage-central","leefruimte-voorziening-parasol-2","leefruimte-voorziening-chaises","keuken-voorziening-cuisine-entierement-equipee","keuken-voorziening-frigo","keuken-voorziening-congelateur","keuken-voorziening-four","keuken-voorziening-plaque-de-cuisson-vitroceramique","keuken-voorziening-lave-vaisselle","keuken-voorziening-micro-ondes","keuken-voorziening-cafetiere","keuken-voorziening-grille-pain","keuken-voorziening-linge-de-cuisine","keuken-voorziening-machine-a-laver","tuin-voorziening-mobilier-d-exterieur","tuin-voorziening-terrasse-privee","tuin-voorziening-piscine-privee","tuin-voorziening-chaises-longues-au-bord-de-la-piscine"],"yoast_head":"<!-- This site is optimized with the Yoast SEO plugin v27.4 - https:\/\/yoast.com\/product\/yoast-seo-wordpress\/ -->\n<title>Villa moderne \u00e0 Foz do Arelho | Foz do Arelho<\/title>\n<meta name=\"robots\" content=\"index, follow, max-snippet:-1, max-image-preview:large, max-video-preview:-1\" \/>\n<link rel=\"canonical\" href=\"https:\/\/www.silvercoastpropertyservices.com\/fr\/accommodation\/t3-wim\/\" \/>\n<meta property=\"og:locale\" content=\"fr_FR\" \/>\n<meta property=\"og:type\" content=\"article\" \/>\n<meta property=\"og:title\" content=\"Villa moderne \u00e0 Foz do Arelho | Foz do Arelho\" \/>\n<meta property=\"og:url\" content=\"https:\/\/www.silvercoastpropertyservices.com\/fr\/accommodation\/t3-wim\/\" \/>\n<meta property=\"og:site_name\" content=\"2nd Place in Portugal\" \/>\n<meta property=\"og:image\" content=\"https:\/\/www.silvercoastpropertyservices.com\/wp-content\/uploads\/2026\/04\/AA.jpg\" \/>\n\t<meta property=\"og:image:width\" content=\"882\" \/>\n\t<meta property=\"og:image:height\" content=\"588\" \/>\n\t<meta property=\"og:image:type\" content=\"image\/jpeg\" \/>\n<meta name=\"twitter:card\" content=\"summary_large_image\" \/>\n<meta name=\"twitter:label1\" content=\"Dur\u00e9e de lecture estim\u00e9e\" \/>\n\t<meta name=\"twitter:data1\" content=\"1 minute\" \/>\n<script type=\"application\/ld+json\" class=\"yoast-schema-graph\">{\"@context\":\"https:\\\/\\\/schema.org\",\"@graph\":[{\"@type\":\"WebPage\",\"@id\":\"https:\\\/\\\/www.silvercoastpropertyservices.com\\\/fr\\\/accommodation\\\/t3-wim\\\/\",\"url\":\"https:\\\/\\\/www.silvercoastpropertyservices.com\\\/fr\\\/accommodation\\\/t3-wim\\\/\",\"name\":\"Villa moderne \u00e0 Foz do Arelho | Foz do Arelho\",\"isPartOf\":{\"@id\":\"https:\\\/\\\/www.silvercoastpropertyservices.com\\\/fr\\\/#website\"},\"primaryImageOfPage\":{\"@id\":\"https:\\\/\\\/www.silvercoastpropertyservices.com\\\/fr\\\/accommodation\\\/t3-wim\\\/#primaryimage\"},\"image\":{\"@id\":\"https:\\\/\\\/www.silvercoastpropertyservices.com\\\/fr\\\/accommodation\\\/t3-wim\\\/#primaryimage\"},\"thumbnailUrl\":\"https:\\\/\\\/www.silvercoastpropertyservices.com\\\/wp-content\\\/uploads\\\/2026\\\/04\\\/AA.jpg\",\"datePublished\":\"2026-04-27T14:57:39+00:00\",\"breadcrumb\":{\"@id\":\"https:\\\/\\\/www.silvercoastpropertyservices.com\\\/fr\\\/accommodation\\\/t3-wim\\\/#breadcrumb\"},\"inLanguage\":\"fr-FR\",\"potentialAction\":[{\"@type\":\"ReadAction\",\"target\":[\"https:\\\/\\\/www.silvercoastpropertyservices.com\\\/fr\\\/accommodation\\\/t3-wim\\\/\"]}]},{\"@type\":\"ImageObject\",\"inLanguage\":\"fr-FR\",\"@id\":\"https:\\\/\\\/www.silvercoastpropertyservices.com\\\/fr\\\/accommodation\\\/t3-wim\\\/#primaryimage\",\"url\":\"https:\\\/\\\/www.silvercoastpropertyservices.com\\\/wp-content\\\/uploads\\\/2026\\\/04\\\/AA.jpg\",\"contentUrl\":\"https:\\\/\\\/www.silvercoastpropertyservices.com\\\/wp-content\\\/uploads\\\/2026\\\/04\\\/AA.jpg\",\"width\":882,\"height\":588},{\"@type\":\"BreadcrumbList\",\"@id\":\"https:\\\/\\\/www.silvercoastpropertyservices.com\\\/fr\\\/accommodation\\\/t3-wim\\\/#breadcrumb\",\"itemListElement\":[{\"@type\":\"ListItem\",\"position\":1,\"name\":\"Home\",\"item\":\"https:\\\/\\\/www.silvercoastpropertyservices.com\\\/fr\\\/\"},{\"@type\":\"ListItem\",\"position\":2,\"name\":\"Types d&#039;h\u00e9bergement\",\"item\":\"https:\\\/\\\/www.silvercoastpropertyservices.com\\\/fr\\\/accommodation\\\/\"},{\"@type\":\"ListItem\",\"position\":3,\"name\":\"T3 Wim\"}]},{\"@type\":\"WebSite\",\"@id\":\"https:\\\/\\\/www.silvercoastpropertyservices.com\\\/fr\\\/#website\",\"url\":\"https:\\\/\\\/www.silvercoastpropertyservices.com\\\/fr\\\/\",\"name\":\"2nd Place in Portugal\",\"description\":\"En nog een WordPress website\",\"publisher\":{\"@id\":\"https:\\\/\\\/www.silvercoastpropertyservices.com\\\/fr\\\/#organization\"},\"potentialAction\":[{\"@type\":\"SearchAction\",\"target\":{\"@type\":\"EntryPoint\",\"urlTemplate\":\"https:\\\/\\\/www.silvercoastpropertyservices.com\\\/fr\\\/?s={search_term_string}\"},\"query-input\":{\"@type\":\"PropertyValueSpecification\",\"valueRequired\":true,\"valueName\":\"search_term_string\"}}],\"inLanguage\":\"fr-FR\"},{\"@type\":\"Organization\",\"@id\":\"https:\\\/\\\/www.silvercoastpropertyservices.com\\\/fr\\\/#organization\",\"name\":\"2nd Place in Portugal\",\"url\":\"https:\\\/\\\/www.silvercoastpropertyservices.com\\\/fr\\\/\",\"logo\":{\"@type\":\"ImageObject\",\"inLanguage\":\"fr-FR\",\"@id\":\"https:\\\/\\\/www.silvercoastpropertyservices.com\\\/fr\\\/#\\\/schema\\\/logo\\\/image\\\/\",\"url\":\"https:\\\/\\\/www.silvercoastpropertyservices.com\\\/wp-content\\\/uploads\\\/2019\\\/02\\\/logo-circle.png\",\"contentUrl\":\"https:\\\/\\\/www.silvercoastpropertyservices.com\\\/wp-content\\\/uploads\\\/2019\\\/02\\\/logo-circle.png\",\"width\":200,\"height\":200,\"caption\":\"2nd Place in Portugal\"},\"image\":{\"@id\":\"https:\\\/\\\/www.silvercoastpropertyservices.com\\\/fr\\\/#\\\/schema\\\/logo\\\/image\\\/\"}}]}<\/script>\n<!-- \/ Yoast SEO plugin. -->","yoast_head_json":{"title":"Villa moderne \u00e0 Foz do Arelho | Foz do Arelho","robots":{"index":"index","follow":"follow","max-snippet":"max-snippet:-1","max-image-preview":"max-image-preview:large","max-video-preview":"max-video-preview:-1"},"canonical":"https:\/\/www.silvercoastpropertyservices.com\/fr\/accommodation\/t3-wim\/","og_locale":"fr_FR","og_type":"article","og_title":"Villa moderne \u00e0 Foz do Arelho | Foz do Arelho","og_url":"https:\/\/www.silvercoastpropertyservices.com\/fr\/accommodation\/t3-wim\/","og_site_name":"2nd Place in Portugal","og_image":[{"width":882,"height":588,"url":"https:\/\/www.silvercoastpropertyservices.com\/wp-content\/uploads\/2026\/04\/AA.jpg","type":"image\/jpeg"}],"twitter_card":"summary_large_image","twitter_misc":{"Dur\u00e9e de lecture estim\u00e9e":"1 minute"},"schema":{"@context":"https:\/\/schema.org","@graph":[{"@type":"WebPage","@id":"https:\/\/www.silvercoastpropertyservices.com\/fr\/accommodation\/t3-wim\/","url":"https:\/\/www.silvercoastpropertyservices.com\/fr\/accommodation\/t3-wim\/","name":"Villa moderne \u00e0 Foz do Arelho | Foz do Arelho","isPartOf":{"@id":"https:\/\/www.silvercoastpropertyservices.com\/fr\/#website"},"primaryImageOfPage":{"@id":"https:\/\/www.silvercoastpropertyservices.com\/fr\/accommodation\/t3-wim\/#primaryimage"},"image":{"@id":"https:\/\/www.silvercoastpropertyservices.com\/fr\/accommodation\/t3-wim\/#primaryimage"},"thumbnailUrl":"https:\/\/www.silvercoastpropertyservices.com\/wp-content\/uploads\/2026\/04\/AA.jpg","datePublished":"2026-04-27T14:57:39+00:00","breadcrumb":{"@id":"https:\/\/www.silvercoastpropertyservices.com\/fr\/accommodation\/t3-wim\/#breadcrumb"},"inLanguage":"fr-FR","potentialAction":[{"@type":"ReadAction","target":["https:\/\/www.silvercoastpropertyservices.com\/fr\/accommodation\/t3-wim\/"]}]},{"@type":"ImageObject","inLanguage":"fr-FR","@id":"https:\/\/www.silvercoastpropertyservices.com\/fr\/accommodation\/t3-wim\/#primaryimage","url":"https:\/\/www.silvercoastpropertyservices.com\/wp-content\/uploads\/2026\/04\/AA.jpg","contentUrl":"https:\/\/www.silvercoastpropertyservices.com\/wp-content\/uploads\/2026\/04\/AA.jpg","width":882,"height":588},{"@type":"BreadcrumbList","@id":"https:\/\/www.silvercoastpropertyservices.com\/fr\/accommodation\/t3-wim\/#breadcrumb","itemListElement":[{"@type":"ListItem","position":1,"name":"Home","item":"https:\/\/www.silvercoastpropertyservices.com\/fr\/"},{"@type":"ListItem","position":2,"name":"Types d&#039;h\u00e9bergement","item":"https:\/\/www.silvercoastpropertyservices.com\/fr\/accommodation\/"},{"@type":"ListItem","position":3,"name":"T3 Wim"}]},{"@type":"WebSite","@id":"https:\/\/www.silvercoastpropertyservices.com\/fr\/#website","url":"https:\/\/www.silvercoastpropertyservices.com\/fr\/","name":"2nd Place in Portugal","description":"En nog een WordPress website","publisher":{"@id":"https:\/\/www.silvercoastpropertyservices.com\/fr\/#organization"},"potentialAction":[{"@type":"SearchAction","target":{"@type":"EntryPoint","urlTemplate":"https:\/\/www.silvercoastpropertyservices.com\/fr\/?s={search_term_string}"},"query-input":{"@type":"PropertyValueSpecification","valueRequired":true,"valueName":"search_term_string"}}],"inLanguage":"fr-FR"},{"@type":"Organization","@id":"https:\/\/www.silvercoastpropertyservices.com\/fr\/#organization","name":"2nd Place in Portugal","url":"https:\/\/www.silvercoastpropertyservices.com\/fr\/","logo":{"@type":"ImageObject","inLanguage":"fr-FR","@id":"https:\/\/www.silvercoastpropertyservices.com\/fr\/#\/schema\/logo\/image\/","url":"https:\/\/www.silvercoastpropertyservices.com\/wp-content\/uploads\/2019\/02\/logo-circle.png","contentUrl":"https:\/\/www.silvercoastpropertyservices.com\/wp-content\/uploads\/2019\/02\/logo-circle.png","width":200,"height":200,"caption":"2nd Place in Portugal"},"image":{"@id":"https:\/\/www.silvercoastpropertyservices.com\/fr\/#\/schema\/logo\/image\/"}}]}},"_links":{"self":[{"href":"https:\/\/www.silvercoastpropertyservices.com\/fr\/wp-json\/wp\/v2\/hb_accommodation\/10016","targetHints":{"allow":["GET"]}}],"collection":[{"href":"https:\/\/www.silvercoastpropertyservices.com\/fr\/wp-json\/wp\/v2\/hb_accommodation"}],"about":[{"href":"https:\/\/www.silvercoastpropertyservices.com\/fr\/wp-json\/wp\/v2\/types\/hb_accommodation"}],"version-history":[{"count":1,"href":"https:\/\/www.silvercoastpropertyservices.com\/fr\/wp-json\/wp\/v2\/hb_accommodation\/10016\/revisions"}],"predecessor-version":[{"id":10052,"href":"https:\/\/www.silvercoastpropertyservices.com\/fr\/wp-json\/wp\/v2\/hb_accommodation\/10016\/revisions\/10052"}],"wp:featuredmedia":[{"embeddable":true,"href":"https:\/\/www.silvercoastpropertyservices.com\/fr\/wp-json\/wp\/v2\/media\/10015"}],"wp:attachment":[{"href":"https:\/\/www.silvercoastpropertyservices.com\/fr\/wp-json\/wp\/v2\/media?parent=10016"}],"wp:term":[{"taxonomy":"leefruimte-voorziening","embeddable":true,"href":"https:\/\/www.silvercoastpropertyservices.com\/fr\/wp-json\/wp\/v2\/leefruimte-voorziening?post=10016"},{"taxonomy":"keuken-voorziening","embeddable":true,"href":"https:\/\/www.silvercoastpropertyservices.com\/fr\/wp-json\/wp\/v2\/keuken-voorziening?post=10016"},{"taxonomy":"tuin-voorziening","embeddable":true,"href":"https:\/\/www.silvercoastpropertyservices.com\/fr\/wp-json\/wp\/v2\/tuin-voorziening?post=10016"}],"curies":[{"name":"wp","href":"https:\/\/api.w.org\/{rel}","templated":true}]}}

<div class="fusion-fullwidth fullwidth-box fusion-builder-row-1 fusion-flex-container has-pattern-background has-mask-background nonhundred-percent-fullwidth non-hundred-percent-height-scrolling" style="--awb-border-radius-top-left:0px;--awb-border-radius-top-right:0px;--awb-border-radius-bottom-right:0px;--awb-border-radius-bottom-left:0px;--awb-flex-wrap:wrap;" ><div class="fusion-builder-row fusion-row fusion-flex-align-items-flex-start fusion-flex-content-wrap" style="max-width:1420.64px;margin-left: calc(-4% / 2 );margin-right: calc(-4% / 2 );"><div class="fusion-layout-column fusion_builder_column fusion-builder-column-0 fusion_builder_column_1_1 1_1 fusion-flex-column" style="--awb-bg-size:cover;--awb-width-large:100%;--awb-margin-top-large:0px;--awb-spacing-right-large:1.92%;--awb-margin-bottom-large:20px;--awb-spacing-left-large:1.92%;--awb-width-medium:100%;--awb-order-medium:0;--awb-spacing-right-medium:1.92%;--awb-spacing-left-medium:1.92%;--awb-width-small:100%;--awb-order-small:0;--awb-spacing-right-small:1.92%;--awb-spacing-left-small:1.92%;"><div class="fusion-column-wrapper fusion-column-has-shadow fusion-flex-justify-content-flex-start fusion-content-layout-column"><div class="fusion-text fusion-text-1"><p>La villa est idéale pour 6 personnes et dispose de 3 chambres et de 2 salles de bains. Grand salon confortable avec télévision et Wi-Fi, offrant une vue magnifique sur la terrasse et la piscine.</p>
<p>Cuisine ouverte entièrement équipée avec toutes les commodités modernes : lave-vaisselle, lave-linge, micro-ondes, réfrigérateur, cuisinière&#8230;</p>
<p>La chambre au rez-de-chaussée dispose d&#8217;une salle de bains privative. Les deux chambres situées au premier étage partagent une salle de bains. Elles donnent toutes deux sur une grande terrasse (55 m²) orientée sud, qui offre une vue magnifique sur les environs.</p>
<p>Dans le jardin, vous pourrez profiter pleinement du soleil sur des chaises longues et la piscine privée est chauffée !</p>
<p>Lisbonne se trouve à moins d&#8217;une heure de route.</p>
</div></div></div></div></div>

<!-- This site is optimized with the Yoast SEO plugin v27.4 - https://yoast.com/product/yoast-seo-wordpress/ -->
<title>Villa moderne à Foz do Arelho | Foz do Arelho</title>
<meta name="robots" content="index, follow, max-snippet:-1, max-image-preview:large, max-video-preview:-1" />
<link rel="canonical" href="https://www.silvercoastpropertyservices.com/fr/accommodation/t3-wim/" />
<meta property="og:locale" content="fr_FR" />
<meta property="og:type" content="article" />
<meta property="og:title" content="Villa moderne à Foz do Arelho | Foz do Arelho" />
<meta property="og:url" content="https://www.silvercoastpropertyservices.com/fr/accommodation/t3-wim/" />
<meta property="og:site_name" content="2nd Place in Portugal" />
<meta property="og:image" content="https://www.silvercoastpropertyservices.com/wp-content/uploads/2026/04/AA.jpg" />
	<meta property="og:image:width" content="882" />
	<meta property="og:image:height" content="588" />
	<meta property="og:image:type" content="image/jpeg" />
<meta name="twitter:card" content="summary_large_image" />
<meta name="twitter:label1" content="Durée de lecture estimée" />
	<meta name="twitter:data1" content="1 minute" />
<script type="application/ld+json" class="yoast-schema-graph">{"@context":"https:\/\/schema.org","@graph":[{"@type":"WebPage","@id":"https:\/\/www.silvercoastpropertyservices.com\/fr\/accommodation\/t3-wim\/","url":"https:\/\/www.silvercoastpropertyservices.com\/fr\/accommodation\/t3-wim\/","name":"Villa moderne à Foz do Arelho | Foz do Arelho","isPartOf":{"@id":"https:\/\/www.silvercoastpropertyservices.com\/fr\/#website"},"primaryImageOfPage":{"@id":"https:\/\/www.silvercoastpropertyservices.com\/fr\/accommodation\/t3-wim\/#primaryimage"},"image":{"@id":"https:\/\/www.silvercoastpropertyservices.com\/fr\/accommodation\/t3-wim\/#primaryimage"},"thumbnailUrl":"https:\/\/www.silvercoastpropertyservices.com\/wp-content\/uploads\/2026\/04\/AA.jpg","datePublished":"2026-04-27T14:57:39+00:00","breadcrumb":{"@id":"https:\/\/www.silvercoastpropertyservices.com\/fr\/accommodation\/t3-wim\/#breadcrumb"},"inLanguage":"fr-FR","potentialAction":[{"@type":"ReadAction","target":["https:\/\/www.silvercoastpropertyservices.com\/fr\/accommodation\/t3-wim\/"]}]},{"@type":"ImageObject","inLanguage":"fr-FR","@id":"https:\/\/www.silvercoastpropertyservices.com\/fr\/accommodation\/t3-wim\/#primaryimage","url":"https:\/\/www.silvercoastpropertyservices.com\/wp-content\/uploads\/2026\/04\/AA.jpg","contentUrl":"https:\/\/www.silvercoastpropertyservices.com\/wp-content\/uploads\/2026\/04\/AA.jpg","width":882,"height":588},{"@type":"BreadcrumbList","@id":"https:\/\/www.silvercoastpropertyservices.com\/fr\/accommodation\/t3-wim\/#breadcrumb","itemListElement":[{"@type":"ListItem","position":1,"name":"Home","item":"https:\/\/www.silvercoastpropertyservices.com\/fr\/"},{"@type":"ListItem","position":2,"name":"Types d&#039;hébergement","item":"https:\/\/www.silvercoastpropertyservices.com\/fr\/accommodation\/"},{"@type":"ListItem","position":3,"name":"T3 Wim"}]},{"@type":"WebSite","@id":"https:\/\/www.silvercoastpropertyservices.com\/fr\/#website","url":"https:\/\/www.silvercoastpropertyservices.com\/fr\/","name":"2nd Place in Portugal","description":"En nog een WordPress website","publisher":{"@id":"https:\/\/www.silvercoastpropertyservices.com\/fr\/#organization"},"potentialAction":[{"@type":"SearchAction","target":{"@type":"EntryPoint","urlTemplate":"https:\/\/www.silvercoastpropertyservices.com\/fr\/?s={search_term_string}"},"query-input":{"@type":"PropertyValueSpecification","valueRequired":true,"valueName":"search_term_string"}}],"inLanguage":"fr-FR"},{"@type":"Organization","@id":"https:\/\/www.silvercoastpropertyservices.com\/fr\/#organization","name":"2nd Place in Portugal","url":"https:\/\/www.silvercoastpropertyservices.com\/fr\/","logo":{"@type":"ImageObject","inLanguage":"fr-FR","@id":"https:\/\/www.silvercoastpropertyservices.com\/fr\/#\/schema\/logo\/image\/","url":"https:\/\/www.silvercoastpropertyservices.com\/wp-content\/uploads\/2019\/02\/logo-circle.png","contentUrl":"https:\/\/www.silvercoastpropertyservices.com\/wp-content\/uploads\/2019\/02\/logo-circle.png","width":200,"height":200,"caption":"2nd Place in Portugal"},"image":{"@id":"https:\/\/www.silvercoastpropertyservices.com\/fr\/#\/schema\/logo\/image\/"}}]}</script>
<!-- / Yoast SEO plugin. -->

Villa moderne à Foz do Arelho | Foz do Arelho

Types d&#039;hébergement
